{"id":222,"date":"2026-03-12T03:09:43","date_gmt":"2026-03-12T03:09:43","guid":{"rendered":"https:\/\/chilltea.click\/?page_id=222"},"modified":"2026-03-17T04:02:04","modified_gmt":"2026-03-17T04:02:04","slug":"blog","status":"publish","type":"page","link":"https:\/\/chilltea.click\/?page_id=222","title":{"rendered":"Blog"},"content":{"rendered":"\n<p><strong>ChillTea<\/strong> l\u00e0 website ch\u00ednh th\u1ee9c c\u1ee7a qu\u00e1n cafe mang phong c\u00e1ch tr\u1ebb trung, hi\u1ec7n \u0111\u1ea1i, n\u01a1i kh\u00e1ch h\u00e0ng c\u00f3 th\u1ec3 d\u1ec5 d\u00e0ng kh\u00e1m ph\u00e1 menu \u0111\u1ed3 u\u1ed1ng \u0111a d\u1ea1ng v\u00e0 c\u1eadp nh\u1eadt nh\u1eefng xu h\u01b0\u1edbng m\u1edbi nh\u1ea5t. V\u1edbi thi\u1ebft k\u1ebf th\u00e2n thi\u1ec7n, d\u1ec5 s\u1eed d\u1ee5ng, ChillTea gi\u00fap ng\u01b0\u1eddi d\u00f9ng nhanh ch\u00f3ng t\u00ecm ki\u1ebfm th\u00f4ng tin s\u1ea3n ph\u1ea9m, \u0111\u1eb7t h\u00e0ng online v\u00e0 tr\u1ea3i nghi\u1ec7m d\u1ecbch v\u1ee5 ti\u1ec7n l\u1ee3i.<\/p>\n\n\n\n<p>Website n\u1ed5i b\u1eadt v\u1edbi c\u00e1c d\u00f2ng th\u1ee9c u\u1ed1ng \u0111\u1eb7c tr\u01b0ng nh\u01b0 tr\u00e0 s\u1eefa, v\u00e0 cafe pha ch\u1ebf, \u0111\u01b0\u1ee3c tr\u00ecnh b\u00e0y h\u1ea5p d\u1eabn k\u00e8m h\u00ecnh \u1ea3nh ch\u1ea5t l\u01b0\u1ee3ng cao. B\u00ean c\u1ea1nh \u0111\u00f3, ChillTea c\u00f2n th\u01b0\u1eddng xuy\u00ean c\u1eadp nh\u1eadt \u01b0u \u0111\u00e3i, gi\u00fap kh\u00e1ch h\u00e0ng kh\u00f4ng b\u1ecf l\u1ee1 c\u00e1c ch\u01b0\u01a1ng tr\u00ecnh khuy\u1ebfn m\u00e3i h\u1ea5p d\u1eabn.<\/p>\n\n\n\n<p>ChillTea kh\u00f4ng ch\u1ec9 l\u00e0 m\u1ed9t website b\u00e1n h\u00e0ng m\u00e0 c\u00f2n l\u00e0 c\u1ea7u n\u1ed1i mang \u0111\u1ebfn tr\u1ea3i nghi\u1ec7m th\u01b0\u1edfng th\u1ee9c \u0111\u1ed3 u\u1ed1ng \u201cchill\u201d \u0111\u00fang ngh\u0129a cho m\u1ecdi kh\u00e1ch h\u00e0ng.<\/p>\n","protected":false},"excerpt":{"rendered":"<p>ChillTea l\u00e0 website ch\u00ednh th\u1ee9c c\u1ee7a qu\u00e1n cafe mang phong c\u00e1ch tr\u1ebb trung, hi\u1ec7n \u0111\u1ea1i, n\u01a1i kh\u00e1ch h\u00e0ng c\u00f3 th\u1ec3 d\u1ec5 d\u00e0ng kh\u00e1m ph\u00e1 menu \u0111\u1ed3 u\u1ed1ng \u0111a d\u1ea1ng v\u00e0 c\u1eadp nh\u1eadt nh\u1eefng xu h\u01b0\u1edbng m\u1edbi nh\u1ea5t. V\u1edbi thi\u1ebft k\u1ebf th\u00e2n thi\u1ec7n, d\u1ec5 s\u1eed d\u1ee5ng, ChillTea gi\u00fap ng\u01b0\u1eddi d\u00f9ng nhanh ch\u00f3ng t\u00ecm ki\u1ebfm th\u00f4ng tin [&hellip;]<\/p>\n","protected":false},"author":1,"featured_media":0,"parent":0,"menu_order":0,"comment_status":"closed","ping_status":"closed","template":"","meta":{"googlesitekit_rrm_CAowhJzGDA:productID":"","footnotes":""},"class_list":["post-222","page","type-page","status-publish","hentry"],"yoast_head":"<!-- This site is optimized with the Yoast SEO plugin v27.1.1 - https:\/\/yoast.com\/product\/yoast-seo-wordpress\/ -->\n<title>Blog - CHILL TEA<\/title>\n<meta name=\"robots\" content=\"noindex, follow, max-snippet:-1, max-image-preview:large, max-video-preview:-1\" \/>\n<meta property=\"og:locale\" content=\"vi_VN\" \/>\n<meta property=\"og:type\" content=\"article\" \/>\n<meta property=\"og:title\" content=\"Blog - CHILL TEA\" \/>\n<meta property=\"og:description\" content=\"ChillTea l\u00e0 website ch\u00ednh th\u1ee9c c\u1ee7a qu\u00e1n cafe mang phong c\u00e1ch tr\u1ebb trung, hi\u1ec7n \u0111\u1ea1i, n\u01a1i kh\u00e1ch h\u00e0ng c\u00f3 th\u1ec3 d\u1ec5 d\u00e0ng kh\u00e1m ph\u00e1 menu \u0111\u1ed3 u\u1ed1ng \u0111a d\u1ea1ng v\u00e0 c\u1eadp nh\u1eadt nh\u1eefng xu h\u01b0\u1edbng m\u1edbi nh\u1ea5t. V\u1edbi thi\u1ebft k\u1ebf th\u00e2n thi\u1ec7n, d\u1ec5 s\u1eed d\u1ee5ng, ChillTea gi\u00fap ng\u01b0\u1eddi d\u00f9ng nhanh ch\u00f3ng t\u00ecm ki\u1ebfm th\u00f4ng tin [&hellip;]\" \/>\n<meta property=\"og:url\" content=\"https:\/\/chilltea.click\/?page_id=222\" \/>\n<meta property=\"og:site_name\" content=\"CHILL TEA\" \/>\n<meta property=\"article:modified_time\" content=\"2026-03-17T04:02:04+00:00\" \/>\n<meta name=\"twitter:card\" content=\"summary_large_image\" \/>\n<meta name=\"twitter:label1\" content=\"\u01af\u1edbc t\u00ednh th\u1eddi gian \u0111\u1ecdc\" \/>\n\t<meta name=\"twitter:data1\" content=\"1 ph\u00fat\" \/>\n<script type=\"application\/ld+json\" class=\"yoast-schema-graph\">{\"@context\":\"https:\/\/schema.org\",\"@graph\":[{\"@type\":[\"WebPage\",\"CollectionPage\"],\"@id\":\"https:\/\/chilltea.click\/?page_id=222\",\"url\":\"https:\/\/chilltea.click\/?page_id=222\",\"name\":\"Blog - CHILL TEA\",\"isPartOf\":{\"@id\":\"https:\/\/chilltea.click\/#website\"},\"datePublished\":\"2026-03-12T03:09:43+00:00\",\"dateModified\":\"2026-03-17T04:02:04+00:00\",\"breadcrumb\":{\"@id\":\"https:\/\/chilltea.click\/?page_id=222#breadcrumb\"},\"inLanguage\":\"vi\"},{\"@type\":\"BreadcrumbList\",\"@id\":\"https:\/\/chilltea.click\/?page_id=222#breadcrumb\",\"itemListElement\":[{\"@type\":\"ListItem\",\"position\":1,\"name\":\"Trang ch\u1ee7\",\"item\":\"https:\/\/chilltea.click\/\"},{\"@type\":\"ListItem\",\"position\":2,\"name\":\"Blog\"}]},{\"@type\":\"WebSite\",\"@id\":\"https:\/\/chilltea.click\/#website\",\"url\":\"https:\/\/chilltea.click\/\",\"name\":\"CHILL TEA\",\"description\":\"\",\"potentialAction\":[{\"@type\":\"SearchAction\",\"target\":{\"@type\":\"EntryPoint\",\"urlTemplate\":\"https:\/\/chilltea.click\/?s={search_term_string}\"},\"query-input\":{\"@type\":\"PropertyValueSpecification\",\"valueRequired\":true,\"valueName\":\"search_term_string\"}}],\"inLanguage\":\"vi\"}]}<\/script>\n<!-- \/ Yoast SEO plugin. -->","yoast_head_json":{"title":"Blog - CHILL TEA","robots":{"index":"noindex","follow":"follow","max-snippet":"max-snippet:-1","max-image-preview":"max-image-preview:large","max-video-preview":"max-video-preview:-1"},"og_locale":"vi_VN","og_type":"article","og_title":"Blog - CHILL TEA","og_description":"ChillTea l\u00e0 website ch\u00ednh th\u1ee9c c\u1ee7a qu\u00e1n cafe mang phong c\u00e1ch tr\u1ebb trung, hi\u1ec7n \u0111\u1ea1i, n\u01a1i kh\u00e1ch h\u00e0ng c\u00f3 th\u1ec3 d\u1ec5 d\u00e0ng kh\u00e1m ph\u00e1 menu \u0111\u1ed3 u\u1ed1ng \u0111a d\u1ea1ng v\u00e0 c\u1eadp nh\u1eadt nh\u1eefng xu h\u01b0\u1edbng m\u1edbi nh\u1ea5t. V\u1edbi thi\u1ebft k\u1ebf th\u00e2n thi\u1ec7n, d\u1ec5 s\u1eed d\u1ee5ng, ChillTea gi\u00fap ng\u01b0\u1eddi d\u00f9ng nhanh ch\u00f3ng t\u00ecm ki\u1ebfm th\u00f4ng tin [&hellip;]","og_url":"https:\/\/chilltea.click\/?page_id=222","og_site_name":"CHILL TEA","article_modified_time":"2026-03-17T04:02:04+00:00","twitter_card":"summary_large_image","twitter_misc":{"\u01af\u1edbc t\u00ednh th\u1eddi gian \u0111\u1ecdc":"1 ph\u00fat"},"schema":{"@context":"https:\/\/schema.org","@graph":[{"@type":["WebPage","CollectionPage"],"@id":"https:\/\/chilltea.click\/?page_id=222","url":"https:\/\/chilltea.click\/?page_id=222","name":"Blog - CHILL TEA","isPartOf":{"@id":"https:\/\/chilltea.click\/#website"},"datePublished":"2026-03-12T03:09:43+00:00","dateModified":"2026-03-17T04:02:04+00:00","breadcrumb":{"@id":"https:\/\/chilltea.click\/?page_id=222#breadcrumb"},"inLanguage":"vi"},{"@type":"BreadcrumbList","@id":"https:\/\/chilltea.click\/?page_id=222#breadcrumb","itemListElement":[{"@type":"ListItem","position":1,"name":"Trang ch\u1ee7","item":"https:\/\/chilltea.click\/"},{"@type":"ListItem","position":2,"name":"Blog"}]},{"@type":"WebSite","@id":"https:\/\/chilltea.click\/#website","url":"https:\/\/chilltea.click\/","name":"CHILL TEA","description":"","potentialAction":[{"@type":"SearchAction","target":{"@type":"EntryPoint","urlTemplate":"https:\/\/chilltea.click\/?s={search_term_string}"},"query-input":{"@type":"PropertyValueSpecification","valueRequired":true,"valueName":"search_term_string"}}],"inLanguage":"vi"}]}},"jetpack_sharing_enabled":true,"_links":{"self":[{"href":"https:\/\/chilltea.click\/index.php?rest_route=\/wp\/v2\/pages\/222","targetHints":{"allow":["GET"]}}],"collection":[{"href":"https:\/\/chilltea.click\/index.php?rest_route=\/wp\/v2\/pages"}],"about":[{"href":"https:\/\/chilltea.click\/index.php?rest_route=\/wp\/v2\/types\/page"}],"author":[{"embeddable":true,"href":"https:\/\/chilltea.click\/index.php?rest_route=\/wp\/v2\/users\/1"}],"replies":[{"embeddable":true,"href":"https:\/\/chilltea.click\/index.php?rest_route=%2Fwp%2Fv2%2Fcomments&post=222"}],"version-history":[{"count":2,"href":"https:\/\/chilltea.click\/index.php?rest_route=\/wp\/v2\/pages\/222\/revisions"}],"predecessor-version":[{"id":284,"href":"https:\/\/chilltea.click\/index.php?rest_route=\/wp\/v2\/pages\/222\/revisions\/284"}],"wp:attachment":[{"href":"https:\/\/chilltea.click\/index.php?rest_route=%2Fwp%2Fv2%2Fmedia&parent=222"}],"curies":[{"name":"wp","href":"https:\/\/api.w.org\/{rel}","templated":true}]}}